{"id":1030,"date":"2023-08-16T09:53:28","date_gmt":"2023-08-16T07:53:28","guid":{"rendered":"http:\/\/www.wheelercleaner.be\/?page_id=1030"},"modified":"2023-09-04T11:33:04","modified_gmt":"2023-09-04T09:33:04","slug":"services","status":"publish","type":"page","link":"https:\/\/www.wheelercleaner.be\/index.php\/services\/","title":{"rendered":"Services"},"content":{"rendered":"\t\t<div data-elementor-type=\"wp-page\" data-elementor-id=\"1030\" class=\"elementor elementor-1030\">\n\t\t\t\t\t\t<section class=\"elementor-section elementor-top-section elementor-element elementor-element-689af25 elementor-section-boxed elementor-section-height-default elementor-section-height-default\" data-id=\"689af25\" data-element_type=\"section\" data-e-type=\"section\">\n\t\t\t\t\t\t<div class=\"elementor-container elementor-column-gap-default\">\n\t\t\t\t\t<div class=\"elementor-column elementor-col-100 elementor-top-column elementor-element elementor-element-cb01faf\" data-id=\"cb01faf\" data-element_type=\"column\" data-e-type=\"column\">\n\t\t\t<div class=\"elementor-widget-wrap elementor-element-populated\">\n\t\t\t\t\t\t<div class=\"elementor-element elementor-element-8010b6a elementor-widget elementor-widget-heading\" data-id=\"8010b6a\" data-element_type=\"widget\" data-e-type=\"widget\" data-widget_type=\"heading.default\">\n\t\t\t\t<div class=\"elementor-widget-container\">\n\t\t\t\t\t<h2 class=\"elementor-heading-title elementor-size-default\">Nos services<\/h2>\t\t\t\t<\/div>\n\t\t\t\t<\/div>\n\t\t\t\t\t<\/div>\n\t\t<\/div>\n\t\t\t\t\t<\/div>\n\t\t<\/section>\n\t\t\t\t<section class=\"elementor-section elementor-top-section elementor-element elementor-element-b9ec5bd elementor-section-boxed elementor-section-height-default elementor-section-height-default\" data-id=\"b9ec5bd\" data-element_type=\"section\" data-e-type=\"section\">\n\t\t\t\t\t\t<div class=\"elementor-container elementor-column-gap-default\">\n\t\t\t\t\t<div class=\"elementor-column elementor-col-50 elementor-top-column elementor-element elementor-element-f34b239\" data-id=\"f34b239\" data-element_type=\"column\" data-e-type=\"column\">\n\t\t\t<div class=\"elementor-widget-wrap elementor-element-populated\">\n\t\t\t\t\t\t<div class=\"elementor-element elementor-element-14f9e6a elementor-widget elementor-widget-heading\" data-id=\"14f9e6a\" data-element_type=\"widget\" data-e-type=\"widget\" data-widget_type=\"heading.default\">\n\t\t\t\t<div class=\"elementor-widget-container\">\n\t\t\t\t\t<h2 class=\"elementor-heading-title elementor-size-medium\">1. Nettoyage \u00e0 domicile<\/h2>\t\t\t\t<\/div>\n\t\t\t\t<\/div>\n\t\t\t\t<div class=\"elementor-element elementor-element-76e1bbc elementor-widget elementor-widget-image\" data-id=\"76e1bbc\" data-element_type=\"widget\" data-e-type=\"widget\" data-widget_type=\"image.default\">\n\t\t\t\t<div class=\"elementor-widget-container\">\n\t\t\t\t\t\t\t\t\t\t\t\t\t\t\t<img fetchpriority=\"high\" decoding=\"async\" width=\"225\" height=\"300\" src=\"https:\/\/i0.wp.com\/www.wheelercleaner.be\/wp-content\/uploads\/2023\/08\/unnamed-4.jpg?fit=225%2C300&amp;ssl=1\" class=\"attachment-medium size-medium wp-image-1024\" alt=\"\" srcset=\"https:\/\/i0.wp.com\/www.wheelercleaner.be\/wp-content\/uploads\/2023\/08\/unnamed-4.jpg?w=828&amp;ssl=1 828w, https:\/\/i0.wp.com\/www.wheelercleaner.be\/wp-content\/uploads\/2023\/08\/unnamed-4.jpg?resize=225%2C300&amp;ssl=1 225w, https:\/\/i0.wp.com\/www.wheelercleaner.be\/wp-content\/uploads\/2023\/08\/unnamed-4.jpg?resize=768%2C1024&amp;ssl=1 768w\" sizes=\"(max-width: 225px) 100vw, 225px\" \/>\t\t\t\t\t\t\t\t\t\t\t\t\t\t\t<\/div>\n\t\t\t\t<\/div>\n\t\t\t\t\t<\/div>\n\t\t<\/div>\n\t\t\t\t<div class=\"elementor-column elementor-col-50 elementor-top-column elementor-element elementor-element-0224cf7\" data-id=\"0224cf7\" data-element_type=\"column\" data-e-type=\"column\">\n\t\t\t<div class=\"elementor-widget-wrap elementor-element-populated\">\n\t\t\t\t\t\t<div class=\"elementor-element elementor-element-8023833 elementor-widget elementor-widget-text-editor\" data-id=\"8023833\" data-element_type=\"widget\" data-e-type=\"widget\" data-widget_type=\"text-editor.default\">\n\t\t\t\t<div class=\"elementor-widget-container\">\n\t\t\t\t\t\t\t\t\t<p>Notre activit\u00e9 principale est le nettoyage de votre v\u00e9hicule directement chez vous. Voici quelques services \u00e0 la carte que nous proposons :\u00a0<\/p><ul><li><u>Nettoyage ext\u00e9rieur<\/u> : <b>1.<\/b> Pr\u00e9lavage en pulv\u00e9risant une mousse d\u00e9contaminant.<b> 2. <\/b>D\u00e9contamination chimique <b>3<\/b>. Lavage \u00e0 la main\u00a0<b>4<\/b>. Application d&rsquo;un produit hydrophobe pour garder la voiture propre plus longtemps ainsi que la prot\u00e9ger. <b>5<\/b>. Sechage au souffleur \u00e0 air chaud <b>6<\/b>. Finitions et nettoyage des vitres et toit panoramique.<\/li><li><u>Nettoyage int\u00e9rieur<\/u> : <b>1<\/b>. Nettoyage des plastiques et panneaux de porte\u00a0 <b>2<\/b>. D\u00e9poussi\u00e8rage des grilles d&rsquo;a\u00e9ration <b>3<\/b>. Protection des plastiques<b> 4.<\/b>. Nettoyage des vitres <b>5<\/b>. Aspiration en profondeur du sol <b>6<\/b>. Finitions<\/li><li><u>Nettoyage et protection des capotes de cabriolet <\/u>: Nous pouvons, si le client a l&rsquo;espace requis, nettoyer en profondeur \u00e0 l&rsquo;injecteur\/extracteur la capote d&rsquo;un cabriolet ainsi que la protection hydrophobe 10 mois\u00a0<\/li><li><u>Nettoyage et protection des si\u00e8ges en tissus et en cuir :<\/u>\u00a0Nous pouvons nettoyer en profondeur les si\u00e8ges en tissus ainsi qu&rsquo;en cuir et alcantara avec des produits et du mat\u00e9riel adapt\u00e9 \u00e0 chaque type de surface.<\/li><\/ul>\t\t\t\t\t\t\t\t<\/div>\n\t\t\t\t<\/div>\n\t\t\t\t\t<\/div>\n\t\t<\/div>\n\t\t\t\t\t<\/div>\n\t\t<\/section>\n\t\t\t\t<section class=\"elementor-section elementor-top-section elementor-element elementor-element-8697484 elementor-section-boxed elementor-section-height-default elementor-section-height-default\" data-id=\"8697484\" data-element_type=\"section\" data-e-type=\"section\">\n\t\t\t\t\t\t<div class=\"elementor-container elementor-column-gap-default\">\n\t\t\t\t\t<div class=\"elementor-column elementor-col-100 elementor-top-column elementor-element elementor-element-c24570d\" data-id=\"c24570d\" data-element_type=\"column\" data-e-type=\"column\">\n\t\t\t<div class=\"elementor-widget-wrap elementor-element-populated\">\n\t\t\t\t\t\t<div class=\"elementor-element elementor-element-d5b4379 elementor-widget-divider--view-line elementor-widget elementor-widget-divider\" data-id=\"d5b4379\" data-element_type=\"widget\" data-e-type=\"widget\" data-widget_type=\"divider.default\">\n\t\t\t\t<div class=\"elementor-widget-container\">\n\t\t\t\t\t\t\t<div class=\"elementor-divider\">\n\t\t\t<span class=\"elementor-divider-separator\">\n\t\t\t\t\t\t<\/span>\n\t\t<\/div>\n\t\t\t\t\t\t<\/div>\n\t\t\t\t<\/div>\n\t\t\t\t\t<\/div>\n\t\t<\/div>\n\t\t\t\t\t<\/div>\n\t\t<\/section>\n\t\t\t\t<section class=\"elementor-section elementor-top-section elementor-element elementor-element-a3caf75 elementor-section-boxed elementor-section-height-default elementor-section-height-default\" data-id=\"a3caf75\" data-element_type=\"section\" data-e-type=\"section\">\n\t\t\t\t\t\t<div class=\"elementor-container elementor-column-gap-default\">\n\t\t\t\t\t<div class=\"elementor-column elementor-col-100 elementor-top-column elementor-element elementor-element-a875bbb\" data-id=\"a875bbb\" data-element_type=\"column\" data-e-type=\"column\">\n\t\t\t<div class=\"elementor-widget-wrap elementor-element-populated\">\n\t\t\t\t\t\t<div class=\"elementor-element elementor-element-6ec49da elementor-widget elementor-widget-heading\" data-id=\"6ec49da\" data-element_type=\"widget\" data-e-type=\"widget\" data-widget_type=\"heading.default\">\n\t\t\t\t<div class=\"elementor-widget-container\">\n\t\t\t\t\t<h2 class=\"elementor-heading-title elementor-size-medium\">2. Correction et protection de la carrosserie dans notre atelier<\/h2>\t\t\t\t<\/div>\n\t\t\t\t<\/div>\n\t\t\t\t\t<\/div>\n\t\t<\/div>\n\t\t\t\t\t<\/div>\n\t\t<\/section>\n\t\t\t\t<section class=\"elementor-section elementor-top-section elementor-element elementor-element-6f016d0 elementor-section-boxed elementor-section-height-default elementor-section-height-default\" data-id=\"6f016d0\" data-element_type=\"section\" data-e-type=\"section\">\n\t\t\t\t\t\t<div class=\"elementor-container elementor-column-gap-default\">\n\t\t\t\t\t<div class=\"elementor-column elementor-col-50 elementor-top-column elementor-element elementor-element-b44f799\" data-id=\"b44f799\" data-element_type=\"column\" data-e-type=\"column\">\n\t\t\t<div class=\"elementor-widget-wrap elementor-element-populated\">\n\t\t\t\t\t\t<div class=\"elementor-element elementor-element-07f1d43 elementor-widget elementor-widget-image\" data-id=\"07f1d43\" data-element_type=\"widget\" data-e-type=\"widget\" data-widget_type=\"image.default\">\n\t\t\t\t<div class=\"elementor-widget-container\">\n\t\t\t\t\t\t\t\t\t\t\t\t\t\t\t<img decoding=\"async\" width=\"204\" height=\"300\" src=\"https:\/\/i0.wp.com\/www.wheelercleaner.be\/wp-content\/uploads\/2023\/08\/unnamed-6-scaled-e1692172923470.jpg?fit=204%2C300&amp;ssl=1\" class=\"attachment-medium size-medium wp-image-1032\" alt=\"\" srcset=\"https:\/\/i0.wp.com\/www.wheelercleaner.be\/wp-content\/uploads\/2023\/08\/unnamed-6-scaled-e1692172923470.jpg?w=1045&amp;ssl=1 1045w, https:\/\/i0.wp.com\/www.wheelercleaner.be\/wp-content\/uploads\/2023\/08\/unnamed-6-scaled-e1692172923470.jpg?resize=204%2C300&amp;ssl=1 204w, https:\/\/i0.wp.com\/www.wheelercleaner.be\/wp-content\/uploads\/2023\/08\/unnamed-6-scaled-e1692172923470.jpg?resize=697%2C1024&amp;ssl=1 697w, https:\/\/i0.wp.com\/www.wheelercleaner.be\/wp-content\/uploads\/2023\/08\/unnamed-6-scaled-e1692172923470.jpg?resize=768%2C1129&amp;ssl=1 768w\" sizes=\"(max-width: 204px) 100vw, 204px\" \/>\t\t\t\t\t\t\t\t\t\t\t\t\t\t\t<\/div>\n\t\t\t\t<\/div>\n\t\t\t\t\t<\/div>\n\t\t<\/div>\n\t\t\t\t<div class=\"elementor-column elementor-col-50 elementor-top-column elementor-element elementor-element-26025ae\" data-id=\"26025ae\" data-element_type=\"column\" data-e-type=\"column\">\n\t\t\t<div class=\"elementor-widget-wrap elementor-element-populated\">\n\t\t\t\t\t\t<div class=\"elementor-element elementor-element-2c51496 elementor-widget elementor-widget-text-editor\" data-id=\"2c51496\" data-element_type=\"widget\" data-e-type=\"widget\" data-widget_type=\"text-editor.default\">\n\t\t\t\t<div class=\"elementor-widget-container\">\n\t\t\t\t\t\t\t\t\t<p>Etant carrossier de formation, les techniques de polissage n&rsquo;ont plus de secret pour nous. En fonction de l&rsquo;\u00e9tat de la carrosserie, nous serons en mesure de retirer 90% des micros-griffes, des halos, des swirfs en passant jusqu&rsquo;\u00e0 3 \u00e9tapes.<\/p><p>Avant de proc\u00e9der au polissage, nous effectuons un nettoyage du v\u00e9hicule ainsi qu&rsquo;une d\u00e9contamination chimique ET m\u00e9canique afin de retirer toutes les impurt\u00e9es incrust\u00e9es dans le vernis.\u00a0<\/p><p>Il n&rsquo;est pas rare de faire des prestations de plus d&rsquo;une trentaine d&rsquo;heures en fonction de la taille du v\u00e9hicule et de son \u00e9tat.\u00a0<\/p><p>Nous proposons, apr\u00e8s le polissage, la pose d&rsquo;une protection c\u00e9ramique qui prot\u00e9gera jusqu&rsquo;\u00e0 5 ans des impuret\u00e9es routi\u00e8res tel que le goudron, poussi\u00e8re de freins, etc&#8230;, des mauvais traitement de nettoyage, des micro-griffures.<\/p><p>Ces services sont exclusivement r\u00e9alisable dans notre atelier situ\u00e9 \u00e0 Ransart. A l&rsquo;exception des garages professionnels.\u00a0<\/p><p>La pose de PPF n&rsquo;est pas encore disponible dans notre panel de service mais arrivera prochainement.<\/p>\t\t\t\t\t\t\t\t<\/div>\n\t\t\t\t<\/div>\n\t\t\t\t\t<\/div>\n\t\t<\/div>\n\t\t\t\t\t<\/div>\n\t\t<\/section>\n\t\t\t\t<section class=\"elementor-section elementor-top-section elementor-element elementor-element-f250c91 elementor-section-boxed elementor-section-height-default elementor-section-height-default\" data-id=\"f250c91\" data-element_type=\"section\" data-e-type=\"section\">\n\t\t\t\t\t\t<div class=\"elementor-container elementor-column-gap-default\">\n\t\t\t\t\t<div class=\"elementor-column elementor-col-100 elementor-top-column elementor-element elementor-element-a189468\" data-id=\"a189468\" data-element_type=\"column\" data-e-type=\"column\">\n\t\t\t<div class=\"elementor-widget-wrap elementor-element-populated\">\n\t\t\t\t\t\t<div class=\"elementor-element elementor-element-8f8ae0f elementor-widget-divider--view-line elementor-widget elementor-widget-divider\" data-id=\"8f8ae0f\" data-element_type=\"widget\" data-e-type=\"widget\" data-widget_type=\"divider.default\">\n\t\t\t\t<div class=\"elementor-widget-container\">\n\t\t\t\t\t\t\t<div class=\"elementor-divider\">\n\t\t\t<span class=\"elementor-divider-separator\">\n\t\t\t\t\t\t<\/span>\n\t\t<\/div>\n\t\t\t\t\t\t<\/div>\n\t\t\t\t<\/div>\n\t\t\t\t\t<\/div>\n\t\t<\/div>\n\t\t\t\t\t<\/div>\n\t\t<\/section>\n\t\t\t\t<section class=\"elementor-section elementor-top-section elementor-element elementor-element-b5faac6 elementor-section-boxed elementor-section-height-default elementor-section-height-default\" data-id=\"b5faac6\" data-element_type=\"section\" data-e-type=\"section\">\n\t\t\t\t\t\t<div class=\"elementor-container elementor-column-gap-default\">\n\t\t\t\t\t<div class=\"elementor-column elementor-col-100 elementor-top-column elementor-element elementor-element-81363d7\" data-id=\"81363d7\" data-element_type=\"column\" data-e-type=\"column\">\n\t\t\t<div class=\"elementor-widget-wrap elementor-element-populated\">\n\t\t\t\t\t\t<div class=\"elementor-element elementor-element-e0af930 elementor-widget elementor-widget-heading\" data-id=\"e0af930\" data-element_type=\"widget\" data-e-type=\"widget\" data-widget_type=\"heading.default\">\n\t\t\t\t<div class=\"elementor-widget-container\">\n\t\t\t\t\t<h2 class=\"elementor-heading-title elementor-size-medium\">3. Reconditionnement du v\u00e9hicule pour la vente ou le retour de leasing<\/h2>\t\t\t\t<\/div>\n\t\t\t\t<\/div>\n\t\t\t\t\t<\/div>\n\t\t<\/div>\n\t\t\t\t\t<\/div>\n\t\t<\/section>\n\t\t\t\t<section class=\"elementor-section elementor-top-section elementor-element elementor-element-004d7cd elementor-section-boxed elementor-section-height-default elementor-section-height-default\" data-id=\"004d7cd\" data-element_type=\"section\" data-e-type=\"section\">\n\t\t\t\t\t\t<div class=\"elementor-container elementor-column-gap-default\">\n\t\t\t\t\t<div class=\"elementor-column elementor-col-50 elementor-top-column elementor-element elementor-element-b32780a\" data-id=\"b32780a\" data-element_type=\"column\" data-e-type=\"column\">\n\t\t\t<div class=\"elementor-widget-wrap elementor-element-populated\">\n\t\t\t\t\t\t<div class=\"elementor-element elementor-element-b0660d2 elementor-widget elementor-widget-image\" data-id=\"b0660d2\" data-element_type=\"widget\" data-e-type=\"widget\" data-widget_type=\"image.default\">\n\t\t\t\t<div class=\"elementor-widget-container\">\n\t\t\t\t\t\t\t\t\t\t\t\t\t\t\t<img decoding=\"async\" width=\"768\" height=\"1024\" src=\"https:\/\/i0.wp.com\/www.wheelercleaner.be\/wp-content\/uploads\/2023\/09\/unnamed-scaled.jpg?fit=768%2C1024&amp;ssl=1\" class=\"attachment-large size-large wp-image-1132\" alt=\"avant\/apres plastique\" srcset=\"https:\/\/i0.wp.com\/www.wheelercleaner.be\/wp-content\/uploads\/2023\/09\/unnamed-scaled.jpg?w=1920&amp;ssl=1 1920w, https:\/\/i0.wp.com\/www.wheelercleaner.be\/wp-content\/uploads\/2023\/09\/unnamed-scaled.jpg?resize=225%2C300&amp;ssl=1 225w, https:\/\/i0.wp.com\/www.wheelercleaner.be\/wp-content\/uploads\/2023\/09\/unnamed-scaled.jpg?resize=768%2C1024&amp;ssl=1 768w, https:\/\/i0.wp.com\/www.wheelercleaner.be\/wp-content\/uploads\/2023\/09\/unnamed-scaled.jpg?resize=1152%2C1536&amp;ssl=1 1152w, https:\/\/i0.wp.com\/www.wheelercleaner.be\/wp-content\/uploads\/2023\/09\/unnamed-scaled.jpg?resize=1536%2C2048&amp;ssl=1 1536w\" sizes=\"(max-width: 768px) 100vw, 768px\" \/>\t\t\t\t\t\t\t\t\t\t\t\t\t\t\t<\/div>\n\t\t\t\t<\/div>\n\t\t\t\t\t<\/div>\n\t\t<\/div>\n\t\t\t\t<div class=\"elementor-column elementor-col-50 elementor-top-column elementor-element elementor-element-2597649\" data-id=\"2597649\" data-element_type=\"column\" data-e-type=\"column\">\n\t\t\t<div class=\"elementor-widget-wrap elementor-element-populated\">\n\t\t\t\t\t\t<div class=\"elementor-element elementor-element-b637127 elementor-widget elementor-widget-text-editor\" data-id=\"b637127\" data-element_type=\"widget\" data-e-type=\"widget\" data-widget_type=\"text-editor.default\">\n\t\t\t\t<div class=\"elementor-widget-container\">\n\t\t\t\t\t\t\t\t\t<p>Les soci\u00e9t\u00e9s utilisent beaucoup des v\u00e9hicules en leasing. A la fin de celui-ci, vous devrez le rendre en excellant \u00e9tat afin de ne pas payer des frais de carrosserie, nettoyage etc&#8230; Une facture qui peut vite monter ! Nous remettons votre v\u00e9hicule en \u00e9tat en prenant en consid\u00e9ration ce qui est de l&rsquo;usure normale et ce qui est cass\u00e9 ou griff\u00e9.\u00a0<\/p><p>Ce service est \u00e9galement propos\u00e9 aux clients qui d\u00e9sirent revendre leur v\u00e9hicule afin d&rsquo;en obtenir un maximum ou dans le sens contraire, le client a achet\u00e9 une voiture \u00e0 bon prix mais qui celle-ci a besoin d&rsquo;un reconditionnement afin de lui rendre son \u00e9clat d&rsquo;autrefois.<\/p><p>Le service comprend :\u00a0<\/p><p>&#8211; Nettoyage ext\u00e9rieur et int\u00e9rieur<\/p><p>&#8211; Nettoyage des si\u00e8ges et de la moquette au sol<\/p><p>&#8211; R\u00e9cup\u00e9ration des griffes pr\u00e9sentes sur la carrosserie (dans la mesure du possible)<\/p><p>&#8211; R\u00e9novation des plastiques int\u00e9rieurs et ext\u00e9rieurs<\/p><p>&#8211; Petites r\u00e9parations divers.<\/p>\t\t\t\t\t\t\t\t<\/div>\n\t\t\t\t<\/div>\n\t\t\t\t\t<\/div>\n\t\t<\/div>\n\t\t\t\t\t<\/div>\n\t\t<\/section>\n\t\t\t\t<\/div>\n\t\t","protected":false},"excerpt":{"rendered":"<p>Nos services 1. Nettoyage \u00e0 domicile Notre activit\u00e9 principale est le nettoyage de votre v\u00e9hicule directement chez vous. Voici quelques services \u00e0 la carte que nous proposons :\u00a0 Nettoyage ext\u00e9rieur : 1. Pr\u00e9lavage en pulv\u00e9risant une mousse d\u00e9contaminant. 2. D\u00e9contamination chimique 3. Lavage \u00e0 la main\u00a04. Application d&rsquo;un produit hydrophobe pour garder la voiture propre &hellip;<\/p>\n<p class=\"read-more\"> <a class=\"\" href=\"https:\/\/www.wheelercleaner.be\/index.php\/services\/\"> <span class=\"screen-reader-text\">Services<\/span> Read More &raquo;<\/a><\/p>\n","protected":false},"author":1,"featured_media":0,"parent":0,"menu_order":0,"comment_status":"closed","ping_status":"closed","template":"","meta":{"_seopress_robots_primary_cat":"","_seopress_titles_title":"","_seopress_titles_desc":"","_seopress_robots_index":"","site-sidebar-layout":"no-sidebar","site-content-layout":"page-builder","ast-site-content-layout":"default","site-content-style":"default","site-sidebar-style":"default","ast-global-header-display":"","ast-banner-title-visibility":"","ast-main-header-display":"","ast-hfb-above-header-display":"","ast-hfb-below-header-display":"","ast-hfb-mobile-header-display":"","site-post-title":"disabled","ast-breadcrumbs-content":"","ast-featured-img":"disabled","footer-sml-layout":"","theme-transparent-header-meta":"","adv-header-id-meta":"","stick-header-meta":"","header-above-stick-meta":"","header-main-stick-meta":"","header-below-stick-meta":"","astra-migrate-meta-layouts":"set","ngg_post_thumbnail":0,"footnotes":""},"class_list":["post-1030","page","type-page","status-publish","hentry"],"jetpack_sharing_enabled":true,"_links":{"self":[{"href":"https:\/\/www.wheelercleaner.be\/index.php\/wp-json\/wp\/v2\/pages\/1030","targetHints":{"allow":["GET"]}}],"collection":[{"href":"https:\/\/www.wheelercleaner.be\/index.php\/wp-json\/wp\/v2\/pages"}],"about":[{"href":"https:\/\/www.wheelercleaner.be\/index.php\/wp-json\/wp\/v2\/types\/page"}],"author":[{"embeddable":true,"href":"https:\/\/www.wheelercleaner.be\/index.php\/wp-json\/wp\/v2\/users\/1"}],"replies":[{"embeddable":true,"href":"https:\/\/www.wheelercleaner.be\/index.php\/wp-json\/wp\/v2\/comments?post=1030"}],"version-history":[{"count":13,"href":"https:\/\/www.wheelercleaner.be\/index.php\/wp-json\/wp\/v2\/pages\/1030\/revisions"}],"predecessor-version":[{"id":1135,"href":"https:\/\/www.wheelercleaner.be\/index.php\/wp-json\/wp\/v2\/pages\/1030\/revisions\/1135"}],"wp:attachment":[{"href":"https:\/\/www.wheelercleaner.be\/index.php\/wp-json\/wp\/v2\/media?parent=1030"}],"curies":[{"name":"wp","href":"https:\/\/api.w.org\/{rel}","templated":true}]}}